s the greatest common factor of 192 and 402288?
48
Calculate the greatest common divisor of 9016 and 9800.
392
What is the highest common divisor of 927829 and 14?
7
Calculate the highest common factor of 92 and 17324.
4
Calculate the highest common factor of 245 and 6615.
245
What is the highest common divisor of 3924 and 27904?
436
What is the highest common factor of 752 and 134?
2
Calculate the greatest common divisor of 9504 and 24354.
594
What is the highest common factor of 190 and 11830?
10
What is the greatest common divisor of 2510 and 30390?
10
Calculate the highest common factor of 208 and 5473.
13
Calculate the greatest common divisor of 804381 and 159.
159
Calculate the highest common divisor of 791 and 3209878.
791
Calculate the highest common factor of 134433 and 17550.
351
What is the greatest common divisor of 272 and 14229?
17
Calculate the highest common divisor of 1261816 and 451.
41
What is the highest common divisor of 2079 and 8877?
33
What is the greatest common factor of 1916250 and 30?
30
Calculate the greatest common divisor of 12655 and 80.
5
What is the greatest common factor of 560 and 317170?
70
Calculate the highest common factor of 52789 and 825.
11
Calculate the greatest common factor of 719301 and 426.
213
Calculate the highest common factor of 293 and 1148267.
293
Calculate the greatest common factor of 117 and 279927.
9
Calculate the highest common divisor of 97314 and 127104.
1986
What is the highest common factor of 37777 and 27567?
1021
Calculate the highest common divisor of 5 and 189335.
5
What is the highest common factor of 1586 and 32994?
26
What is the highest common divisor of 56763 and 105?
21
What is the greatest common divisor of 27096 and 384?
24
Calculate the greatest common divisor of 117 and 1008.
9
What is the highest common factor of 286154 and 1342?
22
What is the greatest common divisor of 3 and 1438473?
3
What is the highest common divisor of 604557 and 81?
27
Calculate the highest common divisor of 316 and 9068.
4
Calculate the highest common factor of 885 and 43542.
177
Calculate the greatest common divisor of 426651 and 9.
3
Calculate the highest common factor of 83707 and 4277.
611
Calculate the highest common factor of 21 and 140763.
21
Calculate the highest common factor of 4558 and 29362.
106
What is the greatest common divisor of 9125 and 36135?
365
What is the greatest common factor of 22 and 59650?
2
Calculate the highest common divisor of 22190 and 3570.
70
Calculate the highest common divisor of 49 and 3213175.
49
What is the highest common divisor of 784 and 1392?
16
What is the highest common divisor of 441520 and 180?
20
What is the highest common divisor of 28 and 175588?
28
What is the greatest common factor of 69 and 192464?
23
What is the greatest common divisor of 14 and 325906?
14
Calculate the greatest common factor of 765046 and 40603.
2137
What is the greatest common divisor of 1704 and 9528?
24
What is the highest common factor of 116945 and 760?
95
What is the highest common factor of 320 and 1190?
10
What is the greatest common factor of 9310 and 44590?
490
What is the greatest common divisor of 56 and 16656?
8
Calculate the greatest common factor of 1850 and 1138675.
925
Calculate the highest common factor of 184360 and 3080.
440
Calculate the highest common factor of 5404 and 32.
4
What is the highest common divisor of 19602 and 36?
18
What is the highest common divisor of 60688 and 128?
16
What is the greatest common factor of 12 and 1052718?
6
Calculate the greatest common divisor of 77749 and 8729.
203
What is the greatest common divisor of 9860 and 32915?
145
What is the greatest common factor of 25511 and 194?
97
What is the greatest common factor of 651 and 31589?
31
Calculate the highest common divisor of 320 and 816768.
64
Calculate the highest common factor of 22707 and 123714.
783
Calculate the greatest common divisor of 82176 and 156.
12
Calculate the greatest common divisor of 328 and 146206.
82
What is the greatest common factor of 16848 and 82296?
648
What is the highest common factor of 754935 and 15?
15
What is the highest common divisor of 13 and 399269?
13
Calculate the highest common factor of 144 and 2656.
16
What is the greatest common factor of 225092 and 14?
14
What is the highest common divisor of 195678 and 3654?
126
What is the greatest common divisor of 1101703 and 43?
43
Calculate the highest common factor of 167250 and 120.
30
What is the greatest common factor of 146569 and 515?
103
What is the greatest common divisor of 128274 and 18?
6
Calculate the highest common factor of 22632 and 21022.
46
Calculate the greatest common factor of 12457184 and 32.
32
What is the highest common divisor of 10 and 19192?
2
Calculate the greatest common factor of 11631 and 45.
3
Calculate the greatest common divisor of 2486 and 34.
2
What is the highest common divisor of 44 and 4511?
1
What is the highest common divisor of 1085344 and 2912?
416
Calculate the greatest common factor of 480 and 19306.
2
What is the greatest common factor of 144 and 675?
9
What is the highest common divisor of 32256 and 2772?
252
What is the greatest common factor of 4653 and 4089?
141
What is the highest common factor of 6289 and 14611?
19
What is the greatest common factor of 39644 and 80?
4
Calculate the highest common divisor of 540 and 110.
10
What is the highest common divisor of 179733 and 1267?
181
What is the highest common divisor of 68586 and 70?
14
Calculate the greatest common factor of 1820 and 217308.
364
What is the highest common factor of 4 and 125556?
4
Calculate the highest common factor of 65 and 71305.
65
Calculate the highest common factor of 29936 and 112.
16
Calculate the highest common factor of 1908 and 993591.
477
What is the highest common divisor of 101045 and 15?
5
Calculate the highest common factor of 109510 and 24698.
466
What is the highest common divisor of 36 and 6858?
18
Calculate the highest common divisor of 15190 and 465.
155
What is the highest common factor of 184729 and 303?
101
Calculate the greatest common divisor of 65 and 1149590.
65
Calculate the highest common factor of 50759 and 27089.
263
Calculate the highest common factor of 30 and 4008.
6
Calculate the greatest common divisor of 6420326 and 22.
22
What is the greatest common factor of 6 and 724026?
6
Calculate the greatest common divisor of 648882 and 2478.
354
What is the highest common factor of 43413 and 699099?
1497
Calculate the highest common factor of 7651105 and 1870.
935
What is the highest common factor of 2232 and 2358?
18
Calculate the greatest common factor of 198 and 43857.
99
What is the greatest common divisor of 35 and 33691?
7
Calculate the highest common factor of 4763 and 1056.
11
What is the greatest common divisor of 91 and 3332?
7
What is the highest common divisor of 10033 and 25908?
127
Calculate the greatest common factor of 214550 and 25.
25
Calculate the greatest common factor of 1342 and 4950.
22
What is the highest common factor of 4500 and 20380?
20
What is the greatest common factor of 31516 and 4?
4
Calculate the greatest common factor of 3034 and 1591.
37
Calculate the highest common divisor of 33425 and 2975.
175
What is the greatest common divisor of 65088 and 136504?
904
Calculate the greatest common factor of 432 and 227952.
144
Calculate the greatest common divisor of 20955 and 90.
15
What is the greatest common divisor of 263313 and 27?
9
Calculate the highest common factor of 58927 and 132.
11
Calculate the greatest common factor of 561 and 4719.
33
What is the highest common divisor of 458157 and 63?
21
What is the highest common divisor of 68 and 17289?
17
Calculate the greatest common factor of 1477 and 14.
7
Calculate the highest common factor of 176 and 110792.
88
What is the greatest common divisor of 674192 and 261?
29
Calculate the highest common divisor of 3384460 and 60.
20
What is the greatest common divisor of 12 and 2435388?
12
Calculate the greatest common factor of 71757 and 693.
63
Calculate the greatest common divisor of 18744 and 696.
24
What is the highest common factor of 500 and 14537000?
500
Calculate the highest common divisor of 9789 and 1872.
39
What is the greatest common divisor of 213210